ded by z?
14
Suppose -6*m + m + 15 = 0. Let j = -112 + 124. Suppose m*y + j = 42. Calculate the remainder when 17 is divided by y.
7
Suppose -4*g + 68 = -4*b + 208, -5*b + 210 = 2*g. Suppose 0*z + b = 2*z. What is the remainder when 38 is divided by z?
18
Let s(w) = 2*w**2 + 5*w - 1. Calculate the remainder when (2/(-4))/((-12)/744) is divided by s(-4).
9
Let n(g) = 4*g**2 - 17*g - 18. Let x(m) = m**2 - 6*m - 6. Let b(w) = -2*n(w) + 7*x(w). Let f = -261 - -256. What is the remainder when 24 is divided by b(f)?
6
What is the remainder when 91 + ((-20)/(0 - -5) - 2) is divided by 25?
10
Suppose 8*c - 3*c = 15. Suppose 4 = t, -2*t = -5*s + c*t + 5. Suppose 0 = k - 5*x - 1, -s*k + 6*x - x + 85 = 0. What is the remainder when 82 is divided by k?
19
Suppose 0*h - 2*v + 12 = 3*h, 4*v = 0. Suppose 0 = -o - 5*a + 41, -o + 5 = -h*a - 9. Calculate the remainder when 75 is divided by o.
23
Let l be (-3 - -2)*(4 + -5)*297. Suppose 0 = -2*d + s + l, 6*d + s = d + 746. Let x(m) = m**2 - 2*m + 3. Calculate the remainder when d is divided by x(-5).
35
Let f(b) = b**2 - 4*b - 27. What is the remainder when 52 is divided by f(10)?
19
Suppose 5*u + 24 + 78 = 2*t, 0 = -5*t + 4*u + 221. Suppose -3*o + 484 = o. What is the remainder when o is divided by t?
39
Let t(g) = 95*g**2 + 29*g + 67. What is the remainder when t(-3) is divided by 93?
91
Let p(o) = -o**3 + 2*o**2 + 6*o + 4. Let d be p(-4). What is the remainder when 74 is divided by (d/6)/((-48)/(-18) - 2)?
17
Suppose 2*m = -u - 15, -4*u - 2 = -m - 5. Let j(g) = -g**3 - 5*g**2 + 12*g - 2. What is the remainder when j(m) is divided by 2?
0
Let o be (-3 - -1)/(((-28)/8)/(-7)). Calculate the remainder when (-163)/o + 60/(-16) + 3 is divided by 14.
12
Let j be 5748/9 + 2/(-3). Let p be (-2)/(-3 + j/214). Suppose -2*v = d - 26, 0 = 5*d + 3*v - 30 - p. What is the remainder when d is divided by 15?
13
Let f = 329 - 305. What is the remainder when 112 is divided by f?
16
Let v(w) = 31*w - 1044. Calculate the remainder when v(36) is divided by 69.
3
Let a be ((-15)/(-6))/(-5)*-92. Suppose -w + 113 = -a. Suppose 2*q + 59 - w = 0. Calculate the remainder when q is divided by 17.
16
Suppose 0 = -4*h + 2*h + 3*d + 76, 4*d = -5*h + 144. Suppose z - 41 = -h. What is the remainder when 17 is divided by z?
8
Suppose 26 = 5*a + g + 2*g, -a - 3*g + 10 = 0. Suppose -y + 85 = a*y. Suppose -18*l + 7*l = -30*l + 931. What is the remainder when l is divided by y?
15
Suppose -5*y = 4*q + 23, 2*y + 3*q = -2*q - 16. Let t = -3 + 4. What is the remainder when y/(t/(-7)*1) is divided by 8?
5
Let u = 614 - 572. Calculate the remainder when 119 is divided by u.
35
Let w(t) = t + 16. What is the remainder when 43 is divided by w(-7)?
7
Let o(n) = 2 - 31*n**3 - n - 2*n - n**2 + 9*n - 8*n. Calculate the remainder when o(-2) is divided by 42.
40
Suppose 2*b - 410 = -3*b. Suppose 0 = -r - r + b. What is the remainder when (4/(96/90))/((-3)/(-96)) is divided by r?
38
Let h(c) = -c**3 - 17*c**2 - 19*c - 40. Suppose -336 = 5*x - 17*x. What is the remainder when x is divided by h(-16)?
4
Suppose -3*k = -2*l + 15, 0 = 4*k - 3*l + 6*l + 37. Let z = k - -18. Calculate the remainder when z is divided by (-1 + (-9)/(-6))*12.
5
Let x = 28 - 12. What is the remainder when 405/13 - (-4)/(-26) is divided by x?
15
Suppose 2*i - 3 = -3*h, 5*i = 5*h - 2*h - 3. Let o = -9 + 11. What is the remainder when ((-2 + 4)/o)/1 is divided by h?
0
Let b(g) = 2*g**2 - g - 7. Suppose 4*n = -3*u + 254, 4*n - u = 2*u + 242. What is the remainder when n is divided by b(4)?
20
Let b = -23 - -35. Suppose -5*x = -5*v + 25, 7 = -3*x + 4*v - 5*v. What is the remainder when 24 - (6 - 2) - x is divided by b?
11
Suppose -n = -6 + 1. Suppose 0*d - 5*d = n. Calculate the remainder when d*(18*-3 + 3) is divided by 27.
24
Suppose 4*d - 2*z + 152 = 0, 5*z + 110 + 17 = -3*d. Let c = -116 - d. What is the remainder when c/(-2) + (-3)/(-6) is divided by 14?
11
Let k(f) = 143*f**2 + f + 1. Let c be (-1)/2*(6 - (2 + 2)). What is the remainder when k(c) is divided by 16?
15
Suppose -117*i + 120*i - 162 = -5*k, 4*k - 2*i - 112 = 0. Calculate the remainder when k is divided by 8.
6
Let d(r) = r**2 - 3*r - 6. Let k = 48 + -43. Suppose -4*v - 3*h = -59, -5*v + 2*h + 45 = -0*v. What is the remainder when v is divided by d(k)?
3
What is the remainder when 14 is divided by ((-2)/(-13) - 800/130)*-2?
2
Let r(u) = -u**2 - 19*u - 39. What is the remainder when r(-15) is divided by 12?
9
Let r = -1372 - -1382. What is the remainder when 12 is divided by r?
2
Suppose d = 4*z + 201, -2*d + 104*z = 99*z - 396. Calculate the remainder when d is divided by 22.
17
Let t(q) = -269*q**3 - q**2 - 2*q. Let b be t(-1). Suppose -s - 4*s + b = 0. Calculate the remainder when s is divided by 11.
10
Suppose -639 = -57*c + 48*c. What is the remainder when c is divided by 18?
17
Let j(n) = -n**3 - 4*n**2 + 2. Let s be j(-4). Let o be (-3)/5 - (-39)/65. Suppose s*y + 4*y - 102 = o. Calculate the remainder when y is divided by 9.
8
Let d = 1 + -73. What is the remainder when (1 - -11)*2/4 is divided by (-234)/d + 1/(-4)?
0
Let q(v) be the second derivative of -v**5/20 - v**4/4 + 5*v**3/6 - 5*v**2 + 3*v. Let a(o) = 74*o - 1. Calculate the remainder when a(1) is divided by q(-5).
13
Let v(a) = 2 - 27*a - 26*a + 54*a - 15*a**2 + a**3. Calculate the remainder when v(15) is divided by 11.
6
Suppose -219 + 394 = 7*x. Calculate the remainder when 70 is divided by x.
20
Suppose 0 = -2*q + 18 + 6. Let o = 18 - q. Calculate the remainder when 35 is divided by o.
5
Let t(h) = 2*h**2 + 6*h - 9. Calculate the remainder when t(-7) is divided by -6 + 19 + 6 + -12.
5
Suppose -2*q + n = -18 - 8, -26 = -2*q - 3*n. Suppose 0 = 2*s - 5*r - 8 - 53, 2*s = -2*r + 40. Calculate the remainder when s is divided by q.
10
Let i be (-4)/(-4*1) - 4. Let s = i - 25. Let z = 55 + s. Calculate the remainder when z is divided by 7.
6
Let q(y) = 4*y + 32. Let a be q(-8). Suppose -2*w + 43 = -4*h - 13, 4*h = a. Calculate the remainder when w is divided by 8.
4
Let t(j) be the third derivative of -j**5/60 - 5*j**4/6 - 13*j**3/3 - 2*j**2. Calculate the remainder when t(-15) is divided by 26.
23
Let m(p) = 10 + 8*p + 6*p**2 - 5 + 7 - 3*p**2. What is the remainder when m(-6) is divided by 15?
12
Calculate the remainder when 182/3*684/266 is divided by 75.
6
Suppose -5*p = 43*p - 48. Let f = -1 - 3. Let r = 7 + f. What is the remainder when r is divided by p?
0
Suppose 20*g - 191 = 429. What is the remainder when 102 is divided by g?
9
Suppose -w - 3*z = -3*w + 56, 0 = -3*w - 4*z + 50. Suppose 3*h + q - 17 = 3*q, 4*h + 3*q - 17 = 0. Calculate the remainder when (42/h)/(1/5) is divided by w.
20
Let a(c) = 2*c**2 - 9*c + 8. Let q be a(5). Let m = q - 5. Suppose 0 = y - 3, -f - y + 11 = -m. What is the remainder when 45 is divided by f?
13
Suppose 3 = 4*n - 5*n. What is the remainder when 13 is divided by (24/(-28))/(n/14)?
1
Let g(c) = 3*c + 49. Let v be g(-15). Suppose 0 = -3*x + v*x - 9. Suppose -2*z - 15 + 101 = 0. Calculate the remainder when z is divided by x.
7
Let l be ((-4)/(-10))/(9/(-45)). Calculate the remainder when 18 is divided by 5 + l - (-5)/((-25)/(-35)).
8
Suppose 2 = 3*y - 2*b - 4, y = -3*b + 13. What is the remainder when 20 - (6 - (-6)/(-2)) is divided by y?
1
Let l(m) = 48*m - 278. Let z(y) = -y**3 - 2*y - 4. Calculate the remainder when z(-3) is divided by l(6).
9
Suppose 10 + 125 = 5*g. Calculate the remainder when 239 is divided by g.
23
Suppose -i = -3*i + 4, 0 = -f - 2*i + 14. Suppose -f*a + 684 = -a. What is the remainder when a is divided by 28?
20
Suppose 2*g + 40 = 2*k, 0 = -2*g - 8. Let o = -1 + k. Calculate the remainder when 28 is divided by o.
13
Suppose -4*w = i + 31 - 86, i - 2*w = 49. Calculate the remainder when 509 is divided by i.
50
Let t(x) = -10*x**3 - 2*x**2 - 2*x + 1. What is the remainder when 118 is divided by t(-1)?
8
Let j = 13 - 30. Suppose -2*t = 35 + 15. Let d = j - t. Calculate the remainder when 13 is divided by d.
5
Let t = 198 - 40. Calculate the remainder when t is divided by 18.
14
Suppose -2*n + 0 + 8 = 2*m, -n + 3*m = 0. Suppose -n*w - 11 + 29 = 0. Calculate the remainder when ((37 - 2) + -1)/2 is divided by w.
5
Suppose -9*z + 84 + 699 = 0. What is the remainder when z is divided by 5?
2
Suppose -5*p